f g**6/40 + g**5/60 - g**4/24 - 5*g**2. What is w(y)?
3
Let j(g) = g**3 - 7*g**2 - 3*g. Let r(n) = -n**2. Let v(b) = -j(b) + 4*r(b). Give v(3).
9
Let n = -16 + 25. Let k(d) = -d**3 + 10*d**2 - 10*d + 9. Calculate k(n).
0
Let u(w) = -w - 1. Suppose -3*g - 30 = 2*g - j, -4*g - 4*j - 48 = 0. Let k = g - -4. Determine u(k).
2
Let i(o) be the first derivative of o**7/840 - o**6/60 + o**5/20 - 5*o**4/24 + 2*o**3 + 5. Let x(k) be the third derivative of i(k). Determine x(5).
0
Let y(o) = 9*o**2 - 13*o + 2. Let v(s) = 5*s**2 - 7*s + 1. Let j(a) = 7*v(a) - 4*y(a). Let k(z) = z + 2. Let b be k(-5). Let q = b - -5. Determine j(q).
1
Let x(j) be the third derivative of 0*j - 1/2*j**3 + 5/24*j**4 - 1/60*j**5 + 2*j**2 + 0. What is x(3)?
3
Let k(v) = 4*v**2 + 7*v - 4. Let p(q) = -3*q**2 - 7*q + 4. Let j(f) = 5*k(f) + 6*p(f). What is j(4)?
8
Suppose -4*r + 0 + 8 = 0. Let o = r - -1. Let y(m) = o*m - 1 + 2 - 6*m. What is y(-1)?
4
Let w = 40 + -37. Suppose 5*g - 25 = -3*c, -g - 13 = -2*c - c. Let i(d) = 1 + 0*d + 3 + g*d - d**2. Give i(w).
1
Let k(q) = 2*q**2 - 1. Let j(i) = 5*i**2 - i - 3. Let u(f) = 4*j(f) - 9*k(f). Determine u(4).
13
Let c(u) = -u - u - 3*u + u**2 - 1. Suppose 12 = 5*j - 13. Calculate c(j).
-1
Let r(d) be the third derivative of 7*d**6/120 + d**5/30 - d**4/24 + d**2. Suppose -3*h - j = -0*j, -j - 7 = -4*h. Let s be 4/8*2/h. Calculate r(s).
8
Let m(f) = 3*f**2 - 8*f + 6. Let a(x) = 7*x**2 - 17*x + 12. Let n(u) = -4*a(u) + 9*m(u). Suppose -2*d - 2 = 0, 2*v + 2*v = -4*d - 24. Determine n(v).
1
Suppose -11 = -4*x + 1. Let c(y) = -3*y**2 + 16*y**2 + y**x + y**2 - 8*y**2 - 1. Give c(-6).
-1
Let t(k) = 2*k**2 + 5*k + 8. Let n(j) = 3*j**2 + 10*j + 15. Let a(s) = -3*n(s) + 5*t(s). Determine a(6).
1
Let a(d) = -4*d**3 - d**2 - d - 1. Let z(x) = -x**3 - 6*x**2 - 1. Let v(f) = -f**3 + 11*f**2 + 13*f - 18. Let b be v(12). Let p be z(b). Give a(p).
3
Let q(u) be the third derivative of -1/60*u**5 - 7*u**2 - 7/6*u**3 + 0 - 1/24*u**4 + 0*u + 1/120*u**6. Suppose 5*y - 4 = 4*b, 3*y = 4*b + 3 + 1. Determine q(y).
-7
Let i(f) = -f**2 + 8*f + 3. Suppose -11*k - 28 = -105. What is i(k)?
10
Let x(m) = -2*m**2 - 7*m + 3. Let t(j) = j**2. Let u(q) = -t(q) - x(q). What is u(-8)?
5
Let m(r) = -r**2 - 1. Let p(k) = k**3 - 8*k**2 - 2*k - 8. Let x(o) = -5*m(o) + p(o). What is x(4)?
5
Let m(c) = 4*c**3 - 2*c**2 - 16*c - 2. Let f(a) = -a**3 + a**2 + 5*a + 1. Suppose 2*l = 5*r, 4*r = -5*l - 21 - 12. Let q(u) = r*m(u) - 7*f(u). What is q(-2)?
-1
Let x(k) be the third derivative of -7*k**5/60 + k**4/24 - 8*k**2. Determine x(1).
-6
Let w(c) = c**2 - 3*c - 1 - 2 - 3*c**2 + 3*c**2. Determine w(-2).
7
Let p(c) = c**3 + c**2 - c - 2. Let g(m) = -m**3 - 4*m**2 - 2*m - 8. Let f be g(-4). What is p(f)?
-2
Let t = 9 - 8. Let q(h) = -3*h - 1 - t - 1 + h**2 - 1. Suppose -7 = -2*c + 1. What is q(c)?
0
Suppose 0 = -4*m + 7*m - 3. Let p(n) = -4*n + n**2 + 5*n - m + 2*n**2 + n**3 + n**3. Give p(-2).
-7
Let t(j) = j**3 + 6*j**2 - 8*j + 1. Let g be t(-7). Let a(p) = p - g*p + 2*p. Suppose 4*s = -2*k - k + 1, -2*s + k + 3 = 0. Give a(s).
-5
Let j(u) = u - 3. Let v(n) be the second derivative of n**3/3 + 9*n**2/2 - 2*n. Let q be v(-6). Determine j(q).
-6
Let i(n) = -n**2 + 6*n - 2. Let q be i(4). Suppose 20 = q*w - 2*w. Let t(l) = 7*l - 1. Let m(s) = 20*s - 4. Let h(r) = -6*m(r) + 17*t(r). Determine h(w).
2
Let l = 15 + -5. Let b = -6 + l. Let p(v) = -v**2 + 2 - 6 + 5 + 4*v. What is p(b)?
1
Let i be 72/(-16) + (-6)/(-4). Let p(m) = m**3 - 2*m - 3. Determine p(i).
-24
Let m(r) = r + 14. Let o(w) = w + 4. Let y be o(-10). Give m(y).
8
Let a(c) = c + 7. Let n(z) = z**3 - 7*z**2 + 6*z - 6. Let w be n(6). Give a(w).
1
Let x(u) = -8*u**3 - u**2 + 4*u + 2. Let m(y) = 3*y**3 - y - 1. Let w be 1/4 - (-34)/(-8). Let c(t) = w*x(t) - 11*m(t). Calculate c(3).
-3
Let p(o) = -o**3 + 2*o**2 + 5*o - 4. Let r be p(3). Suppose 17 = 5*d + r. Let k(h) = h**2 - 3*h + 4. What is k(d)?
4
Let b be (26/4)/(-1) - 9/6. Let w(d) = d**2 + 6*d - 6. Give w(b).
10
Let z(b) = -b**2 + 6*b + 5. Let o be z(6). Let q(s) = s**2 + s + 1. Let l(y) = 7*y**2 + y + 2. Let x(t) = -l(t) + 6*q(t). What is x(o)?
4
Let r(f) = f**2 + 9*f - 6. Let g be r(-10). Suppose -g*l = -2*l. Let v(c) = 2*c**3 + c**2 - 2 - c - 2 - 3*c**3. What is v(l)?
-4
Suppose 5*v - 5 = -0*v. Let t(h) = -10*h + 6. Let l(i) = 3*i - 2. Let z(m) = -7*l(m) - 2*t(m). Determine z(v).
1
Let l(p) = -p**3 - 4*p**2 + 6*p + 1. Suppose -12 + 2 = 2*x. Calculate l(x).
-4
Let r(s) be the first derivative of -2*s**3/3 + 3*s**2/2 + 2*s + 5. Let b(q) = -3*q**2 + 2*q + 1. Let t(m) = 3*b(m) - 2*r(m). Determine t(1).
-6
Let t(u) = 2*u + 4. Let g be t(-5). Let q(s) be the first derivative of -s**2 - 9*s + 19. What is q(g)?
3
Let b(q) = q**2 - 8*q. Let m = -20 + 9. Let j = m + 18. Give b(j).
-7
Let x(v) = -15*v**2 - v - 1. Suppose -8 - 4 = -2*d. Let y(g) = -g**3 + 7*g**2 - 5*g - 7. Let r be y(d). Give x(r).
-15
Let k(t) = -t**3 - t**2. Let q(j) = -2*j**3 - 2*j**2 - j + 8. Let n(o) = -3*k(o) + q(o). Suppose 2*c + 3 = -4*v + 1, 0 = v + c + 1. What is n(v)?
8
Suppose 2*u - 5*u + 6 = 0. Let w(v) = 2 - 2*v**2 - 3*v**u - v**3 + 2*v**3. Let s be w(5). Let h(t) = -5*t + 1. What is h(s)?
-9
Suppose l - 25 = -4*l - g, -4*g = -5*l + 50. Let d(p) = 2*p - 3*p + 6*p - 4 - l*p. Give d(-4).
0
Suppose 3*k = -k - 16. Let o(g) be the second derivative of -1/20*g**5 + 0 + 0*g**3 - 3*g - 1/3*g**4 - 1/2*g**2. Calculate o(k).
-1
Let o = -9 - -14. Let u(r) = -r - 3. Determine u(o).
-8
Let w(p) = -7*p**2 - 5*p - 14. Let y(c) = -6*c**2 - 4*c - 13. Let n(r) = 5*w(r) - 6*y(r). Calculate n(0).
8
Let n(q) be the first derivative of q**4/4 + 5*q**3/3 + 2*q**2 + 5*q - 18. What is n(-4)?
5
Let i(h) = 5*h - 5. Let n = -21 + 25. Determine i(n).
15
Let q(a) = -a - 1. Let k(u) = 5*u**2 + 3*u + 2. Let y(n) = -k(n) - 2*q(n). Calculate y(-1).
-4
Let k be (0 - -5)/((-4)/(-8)). Suppose 5*m - 3*j = k, -46 = -2*m - 5*j - 11. Let l(n) = 4*n - 5*n + 2 - m*n + 4*n. Give l(4).
-6
Let g(x) = -2*x + 1. Let l be g(-2). Let p = 13 - 12. Let m(f) = 5 + p + 67*f - 68*f. Give m(l).
1
Suppose 5 + 5 = 5*d. Let v(o) = -3*o**2 + 2 - o**3 + 2*o**2 - 2*o**d. Suppose 3*x = -3*u + 8*u - 19, 4*x + 20 = 4*u. Calculate v(x).
2
Let k(a) = a**2 - 1. Let p(c) = -c**2 - 3*c + 4. Let s(z) = -6*k(z) - 2*p(z). Let b(u) = -5*u**2 + 7*u - 2. Let j(r) = 3*b(r) - 4*s(r). Give j(4).
6
Let a(x) = -x**3 + x**2 + x + 4. Let o be a(0). Suppose -20 = -5*u + o*r, -4*u - 2*r = -2 - 14. Let p(t) = 2*t - 5 - u*t + 1. Determine p(-5).
6
Let c be 8 + (8/4)/((-6)/12). Let g(x) = x**2 - 2*x + 2. Calculate g(c).
10
Let l(d) = -d + 9. Let o be l(7). Let u(n) = n**o + 3*n - 4 + 5 - 4. Determine u(-4).
1
Let h(u) = 31 - 12 + 4*u - 15. Suppose -4*x = y - 1, -2*y + 2 = 5*x + 3. Calculate h(y).
-8
Let a(x) be the first derivative of x**4/4 + 4*x**3/3 - 2*x + 4. Calculate a(-3).
7
Let p(f) be the second derivative of f**7/840 - f**6/120 - f**5/120 - f**4/12 + f**3/2 + 2*f. Let h(a) be the second derivative of p(a). Calculate h(3).
-5
Let z(k) = 3*k + 3. Let w be ((-2 - -4) + 3)*-4. Let i = w - -17. Give z(i).
-6
Let a = -5 + 12. Let w = a + -7. Let u(v) = 2*v - 3*v - 5 + w*v. What is u(-4)?
-1
Let n(a) = -a**3 - 5*a**2 + 5*a + 5. Let h = -81 + 76. Calculate n(h).
-20
Let o(r) = 24*r**2 - 2*r - 8*r**2 + 16 - 17. Calculate o(-1).
17
Let o(q) = -q + 6. Let v = 6 + -1. Suppose 0 = w + l - 3*l + 1, 0 = v*w + 4*l - 23. Suppose 5*d - 2 = -2*n + w, 3*d = -5*n - 16. Determine o(d).
3
Let a(t) = t**3 + t - 7. Let s = 5 - 5. Suppose s = 5*p + 5*w - 15, p = 2*w - 7*w + 15. Calculate a(p).
-7
Suppose 4*c - c - 2*w = 16, -29 = -4*c - 5*w. Let q(z) = z**3 - 5*z**2 - 6*z - 2. What is q(c)?
-2
Let m(y) = y**3 + 2*y**2 - 5*y. Let k be m(-3). Let q(d) = -d**2 + 5*d + 4. Give q(k).
-2
Let f(n) = -4*n - 5. Let k = -20 - -15. Give f(k).
15
Let z be 1 - (-2)/(-3)*3. Let o be 1/(((-2)/10)/z). Let b(k) = -4*k - 3 + 7*k - k - k. What is b(o)?
2
Let g(d) = 2*d**3 + d**2 + 3*d + 3. Let k = -13 - -11. Give g(k).
-15
Let b = 15 + -19. Let o(t) = -3*t - 6. Determine o(b).
6
Let q(j) = 3*j**3 + 7*j**2 + 4. Let v(a) = a**3 + a**2 + 1. Let d(c) = -q(c) + 5*v(c). Determine d(2).
9
Let v(h) be the third derivative of -1/60*h**5 + 0*h - 6*h**2 + 0 - 1/24*h**4 + 0*h**3. Calculate v(-2).
-2
Let o(i) = 2*i**2 - 173 + 2*i + 